multiple of 4?
True
Is 2160 a multiple of 90?
True
Is 18415 a multiple of 127?
True
Is 120 a factor of 67602?
False
Is 130 a factor of 39130?
True
Does 94 divide 3102?
True
Is 395 a multiple of 42?
False
Is 5598 a multiple of 9?
True
Does 16 divide 785?
False
Is 108 a factor of 28303?
False
Is 21838 a multiple of 7?
False
Does 23 divide 855?
False
Does 13 divide 122083?
True
Is 6 a factor of 2545?
False
Is 47 a factor of 1598?
True
Does 24 divide 29574?
False
Is 64 a multiple of 64?
True
Is 9 a factor of 4050?
True
Does 10 divide 726?
False
Does 3 divide 309?
True
Is 8 a factor of 129?
False
Does 10 divide 15?
False
Does 469 divide 85832?
False
Is 15 a factor of 1772?
False
Does 4 divide 37955?
False
Is 46 a factor of 72619?
False
Is 4 a factor of 10736?
True
Is 9 a factor of 26847?
True
Is 1650 a multiple of 75?
True
Is 498 a multiple of 16?
False
Is 25469 a multiple of 10?
False
Is 14 a factor of 686?
True
Is 23 a factor of 14697?
True
Is 15 a factor of 4375?
False
Does 39 divide 8541?
True
Is 2726 a multiple of 79?
False
Is 7 a factor of 6278?
False
Is 2394 a multiple of 14?
True
Is 22946 a multiple of 14?
True
Is 47 a factor of 33182?
True
Is 2631 a multiple of 125?
False
Is 2007 a multiple of 12?
False
Does 41 divide 1263?
False
Does 246 divide 27060?
True
Is 81 a factor of 87397?
False
Is 12 a factor of 1625?
False
Is 14286 a multiple of 27?
False
Does 33 divide 5577?
True
Does 19 divide 357?
False
Does 20 divide 50540?
True
Is 5728 a multiple of 179?
True
Is 63610 a multiple of 15?
False
Is 684 a multiple of 38?
True
Is 139 a multiple of 5?
False
Is 4074 a multiple of 21?
True
Is 9596 a multiple of 9?
False
Does 67 divide 8241?
True
Is 28 a factor of 4893?
False
Does 38 divide 284?
False
Is 85211 a multiple of 92?
False
Is 1070 a multiple of 81?
False
Is 17160 a multiple of 3?
True
Is 27 a factor of 9018?
True
Is 14 a factor of 252?
True
Does 146 divide 272?
False
Is 4760 a multiple of 85?
True
Is 268 a factor of 58480?
False
Is 108580 a multiple of 356?
True
Is 17 a factor of 626?
False
Is 364 a multiple of 14?
True
Is 9 a factor of 958?
False
Is 22 a factor of 10032?
True
Does 34 divide 1322?
False
Is 1806 a multiple of 43?
True
Does 97 divide 2707?
False
Is 123 a factor of 2214?
True
Is 27 a factor of 8370?
True
Is 19 a factor of 114?
True
Is 6545 a multiple of 55?
True
Is 16 a factor of 242?
False
Does 3 divide 4816?
False
Is 3 a factor of 1109?
False
Is 7042 a multiple of 228?
False
Is 11019 a multiple of 63?
False
Is 25 a factor of 26624?
False
Is 961 a multiple of 19?
False
Is 40 a factor of 8236?
False
Does 161 divide 42826?
True
Does 54 divide 46170?
True
Is 24162 a multiple of 28?
False
Is 7 a factor of 16833?
False
Is 6576 a multiple of 3?
True
Does 18 divide 2506?
False
Is 65 a factor of 975?
True
Is 91 a factor of 49413?
True
Does 14 divide 5978?
True
Is 5296 a multiple of 16?
True
Is 63920 a multiple of 34?
True
Does 10 divide 2020?
True
Does 252 divide 11592?
True
Is 980 a multiple of 25?
False
Is 184 a factor of 8594?
False
Is 31070 a multiple of 66?
False
Is 584 a multiple of 8?
True
Does 20 divide 504?
False
Is 50156 a multiple of 43?
False
Is 13 a factor of 8342?
False
Is 41001 a multiple of 237?
True
Does 17 divide 38088?
False
Does 3 divide 1917?
True
Does 156 divide 51324?
True
Is 17 a factor of 480?
False
Is 120 a factor of 1320?
True
Is 46 a factor of 2642?
False
Does 20 divide 104680?
True
Does 9 divide 5751?
True
Is 2310 a multiple of 5?
True
Is 1589 a multiple of 16?
False
Is 36 a factor of 10080?
True
Is 11907 a multiple of 49?
True
Does 37 divide 2516?
True
Does 7 divide 18249?
True
Does 217 divide 29078?
True
Does 10 divide 230?
True
Does 41 divide 23698?
True
Is 9 a factor of 5568?
False
Does 38 divide 170057?
False
Does 12 divide 29964?
True
Is 2 a factor of 64?
True
Does 8 divide 110?
False
Does 209 divide 15675?
True
Does 52 divide 468?
True
Does 49 divide 1876?
False
Does 71 divide 1020?
False
Is 7477 a multiple of 29?
False
Does 74 divide 444?
True
Is 600 a multiple of 25?
True
Does 3 divide 18?
True
Is 6 a factor of 1014?
True
Does 5 divide 175?
True
Does 33 divide 1881?
True
Is 13 a factor of 2555?
False
Does 13 divide 278?
False
Does 11 divide 4216?
False
Does 8 divide 2914?
False
Is 4576 a multiple of 45?
False
Does 301 divide 11972?
False
Does 114 divide 79344?
True
Is 1840 a multiple of 46?
True
Is 92 a factor of 2302?
False
Is 627 a multiple of 33?
True
Does 43 divide 602?
True
Is 7480 a multiple of 110?
True
Is 672 a multiple of 27?
False
Does 13 divide 5574?
False
Does 48 divide 1488?
True
Is 30 a factor of 730?
False
Is 36 a factor of 1234?
False
Is 4 a factor of 3097?
False
Does 10 divide 150?
True
Is 329 a factor of 14032?
False
Does 3 divide 210?
True
Is 11 a factor of 28171?
True
Is 87802 a multiple of 22?
True
Does 10 divide 236?
False
Is 6040 a multiple of 9?
False
Is 39350 a multiple of 10?
True
Is 131 a factor of 27405?
False
Does 151 divide 2941?
False
Does 62 divide 250?
False
Is 20498 a multiple of 2?
True
Is 24 a factor of 7074?
False
Is 53 a factor of 29998?
True
Is 11 a factor of 3728?
False
Is 12 a factor of 4256?
False
Is 19712 a multiple of 29?
False
Is 5 a factor of 424?
False
Is 1203 a multiple of 171?
False
Is 60 a factor of 25114?
False
Does 33 divide 5071?
False
Does 92 divide 2024?
True
Does 5 divide 3624?
False
Is 6480 a multiple of 81?
True
Is 47 a factor of 5851?
False
Is 3 a factor of 140?
False
Does 12 divide 5681?
False
Does 37 divide 851?
True
Is 40 a factor of 62560?
True
Is 2 a factor of 158?
True
Is 44237 a multiple of 32?
False
Does 285 divide 83505?
True
Is 3575 a multiple of 65?
True
Is 136 a factor of 24621?
False
Does 13 divide 1861?
False
Is 4225 a multiple of 3?
False
Does 37 divide 1649?
False
Is 4 a factor of 152?
True
Is 2885 a multiple of 4?
False
Is 73 a factor of 657?
True
Does 40 divide 11685?
False
Is 3 a factor of 335?
False
Does 26 divide 12060?
False
Is 12 a factor of 456?
True
Does 25 divide 4295?
False
Is 2191 a multiple of 37?
False
Is 193 a multiple of 2?
False
Does 11 divide 1871?
False
Is 17404 a multiple of 29?
False
Is 73162 a multiple of 233?
True
Is 377 a multiple of 5?
False
Is 58 a factor of 754?
True
Is 2361 a multiple of 21?
False
Is 14 a factor of 15372?
True
Is 40 a factor of 1680?
True
Is 118 a factor of 83662?
True
Is 12 a factor of 289?
False
Is 4400 a multiple of 16?
True
Is 95 a factor of 27740?
True
Is 2027 a multiple of 20?
False
Does 37 divide 22666?
False
Does 22 divide 486?
False
Is 2559 a multiple of 16?
False
Is 1651 a multiple of 92?
False
Is 10 a factor of 5530?
True
Is 805 a multiple of 5?
True
Does 5 divide 337?
False
Does 7 divide 9198?
True
Does 15 divide 6480?
True
Does 8 divide 544?
True
Does 72 divide 360?
True
Is 1208 a multiple of 8?
True
Is 82 a multiple of 8?
False
Is 2 a factor of 3866?
True
Does 7 divide 504?
True
Is 5 a factor of 245?
True
Does 18 divide 1368?
True
Does 31 divide 1018?
False
Is 2700 a multiple of 32?
False
Is 1960 a multiple of 98?
True
Is 6483 a multiple of 4?
False
Does 30 divide 330?
True
Is 48 a factor of 3555?
False
Does 112 divide 19376?
True
Is 707 a multiple of 14?
False
Does 46 divide 138?
True
Is 47 a factor of 1337?
False
Is 13 a factor of 416?
True
Is 113 a factor of 639?
False
Is 3 a factor of 943?
False
Does 36 divide 66084?
False
Is 41 a factor of 150?
False
Does 19 divide 41686?
True
Is 19 a factor of 266?
True
Is 25 a factor of 4220?
False
Does 9 divide 2865?
False
Is 2880 a multiple of 72?
True
Is 72 a multiple of 8?
True
Is 18 a factor of 19332?
True
Is 73 a factor of 33904?
False
Does 19 divide 27036?
False
Is 7845 a multiple of 15?
True
Does 73 divide 17739?
True
Is 10 a factor of 110?
True
Is 76 a factor of 1748?
True
Does 10 divide 2420?
True
Does 24 divide 10689?
False
Is 13 a factor of 7969?
True
Is 10 a factor of 200?
True
Does 3 divide 333?
True
Is 14 a factor of 80722?
False
Is 247 a multiple of 5?
False
Is 31 a factor of 3733?
False
Is 26 a factor of 312?
True
Is 20 a factor of 324?
False
Is 91 a multiple of 10?
False
Is 686 a multiple of 8?
False
Does 3 divide 10696?
False
Is 50 a multiple of 2?
True
Is 6838 a multiple of 57?
False
Does 49 divide 245?
True
Is 5535 a multiple of 15?
True
Does 118 divide 76228?
True
Does 54 divide 2565?
False
Is 16 